ided by 81?
46
What is the remainder when 1734 is divided by 33?
18
What is the remainder when 102 is divided by 23?
10
Calculate the remainder when 111 is divided by 102.
9
What is the remainder when 32 is divided by 14?
4
Calculate the remainder when 490 is divided by 10.
0
What is the remainder when 4547 is divided by 35?
32
What is the remainder when 9 is divided by 5?
4
What is the remainder when 78 is divided by 19?
2
Calculate the remainder when 428 is divided by 90.
68
What is the remainder when 2954 is divided by 87?
83
Calculate the remainder when 239 is divided by 30.
29
Calculate the remainder when 439 is divided by 9.
7
Calculate the remainder when 224 is divided by 28.
0
Calculate the remainder when 623 is divided by 39.
38
Calculate the remainder when 444 is divided by 28.
24
Calculate the remainder when 169 is divided by 11.
4
Calculate the remainder when 12184 is divided by 44.
40
Calculate the remainder when 533 is divided by 6.
5
What is the remainder when 92 is divided by 21?
8
What is the remainder when 266 is divided by 69?
59
What is the remainder when 468 is divided by 53?
44
Calculate the remainder when 487 is divided by 45.
37
Calculate the remainder when 448 is divided by 65.
58
Calculate the remainder when 2000 is divided by 29.
28
Calculate the remainder when 461 is divided by 58.
55
Calculate the remainder when 8 is divided by 2.
0
What is the remainder when 2105 is divided by 23?
12
What is the remainder when 3572 is divided by 3?
2
What is the remainder when 837 is divided by 42?
39
Calculate the remainder when 230 is divided by 16.
6
What is the remainder when 1133 is divided by 54?
53
What is the remainder when 5474 is divided by 74?
72
What is the remainder when 350 is divided by 27?
26
Calculate the remainder when 474 is divided by 68.
66
What is the remainder when 72 is divided by 32?
8
What is the remainder when 125 is divided by 40?
5
Calculate the remainder when 1461 is divided by 122.
119
What is the remainder when 1235 is divided by 192?
83
What is the remainder when 2221 is divided by 24?
13
What is the remainder when 2778 is divided by 10?
8
What is the remainder when 238 is divided by 190?
48
Calculate the remainder when 78 is divided by 16.
14
Calculate the remainder when 11659 is divided by 53.
52
What is the remainder when 2582 is divided by 63?
62
What is the remainder when 178 is divided by 20?
18
Calculate the remainder when 102 is divided by 32.
6
Calculate the remainder when 182 is divided by 89.
4
Calculate the remainder when 1814 is divided by 359.
19
Calculate the remainder when 48 is divided by 36.
12
What is the remainder when 187 is divided by 19?
16
What is the remainder when 208 is divided by 7?
5
What is the remainder when 21 is divided by 8?
5
What is the remainder when 232 is divided by 17?
11
What is the remainder when 153 is divided by 4?
1
What is the remainder when 673 is divided by 209?
46
Calculate the remainder when 329 is divided by 30.
29
What is the remainder when 1 is divided by 1?
0
What is the remainder when 459 is divided by 10?
9
Calculate the remainder when 5149 is divided by 224.
221
What is the remainder when 115 is divided by 9?
7
What is the remainder when 326 is divided by 41?
39
Calculate the remainder when 598 is divided by 63.
31
Calculate the remainder when 670 is divided by 34.
24
What is the remainder when 6479 is divided by 90?
89
Calculate the remainder when 388 is divided by 66.
58
Calculate the remainder when 6174 is divided by 27.
18
What is the remainder when 50 is divided by 28?
22
What is the remainder when 1171 is divided by 84?
79
Calculate the remainder when 222 is divided by 14.
12
Calculate the remainder when 1293 is divided by 118.
113
What is the remainder when 776 is divided by 344?
88
What is the remainder when 129 is divided by 58?
13
Calculate the remainder when 543 is divided by 68.
67
What is the remainder when 1041 is divided by 32?
17
What is the remainder when 933 is divided by 38?
21
Calculate the remainder when 19 is divided by 12.
7
Calculate the remainder when 2637 is divided by 24.
21
What is the remainder when 122 is divided by 16?
10
Calculate the remainder when 1374 is divided by 46.
40
Calculate the remainder when 347 is divided by 27.
23
Calculate the remainder when 68 is divided by 19.
11
Calculate the remainder when 28 is divided by 3.
1
What is the remainder when 145 is divided by 14?
5
Calculate the remainder when 507 is divided by 124.
11
Calculate the remainder when 1273 is divided by 327.
292
What is the remainder when 333 is divided by 67?
65
What is the remainder when 74 is divided by 19?
17
What is the remainder when 235 is divided by 65?
40
Calculate the remainder when 75 is divided by 17.
7
Calculate the remainder when 280 is divided by 71.
67
Calculate the remainder when 420 is divided by 60.
0
Calculate the remainder when 12 is divided by 3.
0
What is the remainder when 219 is divided by 57?
48
What is the remainder when 101 is divided by 17?
16
Calculate the remainder when 153 is divided by 149.
4
Calculate the remainder when 1522 is divided by 13.
1
Calculate the remainder when 42 is divided by 29.
13
What is the remainder when 247 is divided by 234?
13
Calculate the remainder when 8017 is divided by 33.
31
What is the remainder when 152 is divided by 26?
22
What is the remainder when 8997 is divided by 225?
222
Calculate the remainder when 626 is divided by 624.
2
Calculate the remainder when 609 is divided by 153.
150
What is the remainder when 13 is divided by 8?
5
What is the remainder when 1722 is divided by 23?
20
Calculate the remainder when 623 is divided by 16.
15
What is the remainder when 140 is divided by 33?
8
Calculate the remainder when 812 is divided by 101.
4
Calculate the remainder when 72 is divided by 21.
9
Calculate the remainder when 1537 is divided by 73.
4
What is the remainder when 9 is divided by 4?
1
Calculate the remainder when 50 is divided by 22.
6
Calculate the remainder when 165 is divided by 30.
15
What is the remainder when 5993 is divided by 499?
5
What is the remainder when 395 is divided by 9?
8
What is the remainder when 341 is divided by 6?
5
Calculate the remainder when 558 is divided by 112.
110
What is the remainder when 1319 is divided by 223?
204
What is the remainder when 63 is divided by 14?
7
Calculate the remainder when 406 is divided by 46.
38
What is the remainder when 7497 is divided by 15?
12
Calculate the remainder when 140 is divided by 27.
5
What is the remainder when 1821 is divided by 57?
54
What is the remainder when 95 is divided by 12?
11
Calculate the remainder when 221 is divided by 113.
108
What is the remainder when 130 is divided by 44?
42
What is the remainder when 37 is divided by 23?
14
What is the remainder when 655 is divided by 14?
11
Calculate the remainder when 1246 is divided by 29.
28
What is the remainder when 257 is divided by 41?
11
Calculate the remainder when 6037 is divided by 377.
5
Calculate the remainder when 16503 is divided by 21.
18
Calculate the remainder when 4215 is divided by 6.
3
Calculate the remainder when 4091 is divided by 46.
43
What is the remainder when 252 is divided by 32?
28
Calculate the remainder when 1569 is divided by 13.
9
Calculate the remainder when 261 is divided by 33.
30
Calculate the remainder when 136377 is divided by 15.
12
Calculate the remainder when 187 is divided by 13.
5
Calculate the remainder when 4636 is divided by 116.
112
Calculate the remainder when 2639 is divided by 66.
65
Calculate the remainder when 84 is divided by 17.
16
Calculate the remainder when 816 is divided by 408.
0
Calculate the remainder when 525 is divided by 259.
7
Calculate the remainder when 179 is divided by 15.
14
What is the remainder when 801 is divided by 81?
72
What is the remainder when 990 is divided by 111?
102
Calculate the remainder when 47 is divided by 22.
3
Calculate the remainder when 47 is divided by 44.
3
Calculate the remainder when 446 is divided by 18.
14
What is the remainder when 1049 is divided by 401?
247
Calculate the remainder when 1799 is divided by 1796.
3
Calculate the remainder when 145 is divided by 50.
45
Calculate the remainder when 456 is divided by 23.
19
What is the remai